et z(h) = 8*h**2 + 9. Let b be z(-3). Let a = b - 88. Let f be x(a). What is the highest common divisor of f and 150?
6
Let a(t) = -685*t**3 + 7*t**2 + 12*t - 10. Let g be a(-3). What is the greatest common divisor of 104 and g?
104
Let r be ((-2)/(-1) + -43)*-1. Let k = 35 + -62. Let a = r + k. What is the highest common divisor of a and 42?
14
Let p = 11 - -2. Suppose -13 = 2*q - 513. Let o = q + -185. What is the greatest common factor of o and p?
13
Let t be 130/195 - 2184/(-18). Calculate the highest common factor of 15616 and t.
122
Let w be 3/(-5) - -1 - (-2076)/60. Let s = 38 - w. What is the highest common divisor of 23 and s?
1
Suppose -48*c = -497*c + 8980. Suppose -2*i + 0*i = -840. Calculate the greatest common factor of c and i.
20
Let y(b) = -4*b**2 - 153*b - 54. Let c be y(-38). Let o = 504 + c. What is the highest common factor of o and 183?
61
Let t = -5543 - -5732. What is the highest common divisor of 1281 and t?
21
Let z(y) = y**3 - 79*y**2 - 162*y + 1139. Let n be z(81). What is the highest common factor of n and 1273?
67
Suppose -5*g + j - 9163 = -9*g, -3*g + 6872 = j. What is the greatest common divisor of 79 and g?
79
Let v(w) = 3*w - 82. Let q be v(30). Let y(l) = l**2 + 3*l + 2. Let s be y(-4). Suppose 14 = q*x - s*x. Calculate the greatest common factor of x and 49.
7
Let z be (56/35)/(4/10). Suppose -5*s + 2*s = 2*v - 80, -z*v - 2*s + 144 = 0. Let i = -227 + 499. Calculate the greatest common factor of v and i.
34
Let g(q) = q**2 + 3*q - 24. Let c be g(3). Let t be c - ((-6)/10 - (-972)/(-30)). Calculate the greatest common divisor of 459 and t.
27
Suppose g - 18 = -372*j + 369*j, -3*g - 4*j = -94. Let u(x) = 7*x + 3. Let m be u(-6). Let o = -11 - m. What is the highest common divisor of o and g?
14
Let x(c) = 13*c**2 + 8*c + 23. Let q(a) = 14*a**2 + 8*a + 24. Let i(v) = -3*q(v) + 4*x(v). Let m be i(-4). Calculate the greatest common factor of 4 and m.
4
Let p = 64 - 34. Suppose 3*l - 3570 = -18*l. What is the highest common divisor of l and p?
10
Let f be (3 + -6)*(8/(-3) - -2). Suppose 6*o - o = -2*t + 126, t = -f. Suppose 0 = -2*b, -2*g + 26 = -0*g - 4*b. What is the greatest common factor of g and o?
13
Suppose 5*v - 13 - 87 = 0. Let w = v - 18. Suppose -z - 4*t + 2*t = -86, w*t = z - 94. Calculate the greatest common factor of 10 and z.
10
Let o(n) = -20*n - 172. Let x be o(-9). Suppose x*w - 2268 = 364. Calculate the highest common divisor of w and 7.
7
Let s(u) = 163*u + 9140. Let o be s(-56). Suppose 0 = 2*b + x + x + 2, -5*b + 7 = 2*x. Let l be 12/2 - 6/b. Calculate the highest common divisor of l and o.
4
Let s be 26*1*(-11)/((-176)/600). Suppose -18*x + s = 7*x. What is the highest common factor of x and 6?
3
Let q be (-448)/9 - (-10)/(-45). Let k = 200 + -136. Let t = k + q. What is the highest common divisor of 70 and t?
14
Let u = -19 - -29. Let c(y) = -6*y + 356. Let j be c(58). What is the highest common factor of j and u?
2
Let r(g) = 437*g**2 + 15*g - 72. Let h be r(3). Calculate the greatest common factor of 2821 and h.
217
Let h be 4/6 - (-28)/3. Suppose 337 = 94*y - 133. What is the highest common divisor of h and y?
5
Let f be ((-64)/10)/((-74)/(-185)). Let l be 24*((-22)/3)/(8/f). Calculate the greatest common divisor of l and 32.
32
Let b be -11 - -20 - (8 - 1). Let v be b/(-10) - (-903)/15. Calculate the greatest common divisor of 240 and v.
60
Suppose 0 = 4*v + 3*v - 7. Let j be 3 - -97 - (v + -6). Suppose 0 = -5*x - 2*x + j. Calculate the highest common divisor of 10 and x.
5
Let n be 3/15 + ((-14)/(-5) - -3). Suppose 2*j + 3*j + 23 = -o, 3*j - o + 9 = 0. Let r be -1 - (220/j + 0). Calculate the greatest common divisor of r and n.
6
Suppose -7*n + 1196 - 319 = 478. Calculate the greatest common divisor of 114 and n.
57
Suppose -165 = -5*t + 5*f, -5*t - 2*f + 146 - 2 = 0. Suppose 383 = -t*d + 2453. Calculate the highest common factor of d and 1035.
69
Let w be 2/((-36)/(-66)) - (-4)/(-6). Suppose 3*q = -2*g + w*g - 115, -530 = -4*g - 2*q. Let l = -36 + 62. Calculate the highest common divisor of g and l.
26
Let x = -5924 - -6063. Calculate the greatest common divisor of x and 3.
1
Let a = 2 - 2. Suppose 5*t + a*x = -x + 90, 0 = 4*x. Let z = -89283 + 89301. What is the highest common divisor of z and t?
18
Let j be (-10)/(-20) + (-3996)/(-8). Calculate the highest common divisor of 3800 and j.
100
Suppose -2*a + 6*a = 52. Suppose s - 2 = 0, -8*v - 5*s = -a*v - 5. Calculate the greatest common factor of 1 and v.
1
Let z(b) = -42*b - 9. Let m be z(2). Let a = -90 - m. Let q(u) = 4*u**2 + 2*u - 11. Let f be q(a). What is the greatest common divisor of 217 and f?
31
Suppose 0 = -5*y - 25, -5*a - 3*y = -2*a + 114. Let u be (-16)/(-88) - (-2448)/a. Let k = -58 - u. What is the highest common factor of 80 and k?
16
Suppose 0 = 2*q - 3*u - 112, -5*u - 120 = -q - q. Suppose -4*s - 1320*f + 310 = -1319*f, -4*s - 4*f + 340 = 0. What is the greatest common factor of s and q?
25
Let c be 1*(1 + 0 - 30). Let y = 20 + c. Let s(x) = -2*x**2 - 21*x - 6. Let b be s(y). Calculate the greatest common divisor of b and 7.
7
Let h be 3 + 2898 + 182/(-7). Calculate the highest common factor of h and 1125.
125
Let t(l) = -l**3 + 46*l**2 + 24*l - 1019. Let x be t(46). What is the greatest common factor of 170 and x?
85
Suppose 5*u - 356 = -2*q - 10, 2*q + 4*u = 348. Let c = -163 + q. Calculate the greatest common factor of c and 75.
15
Let x = 10039 - 9989. Calculate the greatest common factor of x and 2975.
25
Let l = 1044 - -53. Let m = l + -845. What is the highest common factor of m and 108?
36
Let h be ((-27)/7*(-98)/28)/(534/3560). Calculate the greatest common divisor of 342 and h.
18
Let x(i) = 4*i + 48. Let w be x(-12). Suppose -8*m + 89 + 47 = w. Suppose -z - 16 = -5*z, -4*y - 5*z + 632 = 0. What is the highest common divisor of y and m?
17
Let y be 1887/185 + 48/(-15) + 3. Calculate the greatest common divisor of 166 and y.
2
Suppose 0*k + 2*k + 3*m - 56 = 0, -3*m + 22 = k. Let b be (-1)/2 + 338/(-4). Let u = 221 - b. What is the greatest common factor of k and u?
34
Let f = 20 + -16. Let y(d) = -2*d + 26 - f*d + 3*d + 2*d. Let c be y(13). Calculate the greatest common divisor of 117 and c.
13
Let n(y) = -15*y**2 + 231*y - 120. Let o be n(15). Let b = -112 - -169. Let k = o + b. Calculate the greatest common factor of 27 and k.
27
Suppose -37*b - 20 = -41*b, -3*b - 257 = -2*u. Calculate the highest common divisor of 32 and u.
8
Let q be (2 + 1)*(-64)/(-6). Suppose 0 = 2*t + 27 - 31. Suppose -3*k = 5*b - 39, 5*k - t*b - 49 = -5*b. What is the highest common divisor of k and q?
8
Let d = 11085 + -11073. Calculate the highest common factor of 508 and d.
4
Let u = 576 + -808. Let g be (12/54 - u/9) + -6. What is the greatest common factor of g and 160?
20
Let q be ((-140)/(-30))/((23/276)/((-15)/(-2))). What is the greatest common divisor of 1491 and q?
21
Let a be -9*(6 - 76/12). Suppose 0 = a*y - f - 20, 3*f - 12 = -14*y + 11*y. Let c be ((-1)/(-2))/(2/24). Calculate the highest common factor of c and y.
6
Suppose 4*o + 3*l - 93 = 0, -3*o + 2*l + 76 = -15. Let f be -11 + 15 - (3 - 0). What is the highest common factor of f and o?
1
Suppose 3*j = 2*a + 23, a + 2*a - 2*j + 22 = 0. Let y be -1 + 76 + (a + 7)*-1. What is the greatest common factor of 24 and y?
24
Suppose 9*p - 87 = 48. Suppose p = 14*o - 9*o. Suppose -b = o*x - 178 + 37, -2*b + x + 247 = 0. What is the greatest common divisor of 14 and b?
14
Let m = -11 + 15. Suppose -m*g + 3*d = -2*d - 71, -g + d = -19. Suppose -10*s + 72 = -8*s. Calculate the highest common factor of s and g.
12
Suppose 2*q = -0*q - 6, -3*q + 27 = 2*x. Let k = -211 - -414. Let v be k + ((-2)/(-11) - 342/66). What is the highest common divisor of v and x?
18
Let w be -4 - -58*(-1)/(-2). Suppose 0*b - 76 = -4*b. Let z be (250/(-2))/(18 - b). What is the greatest common factor of w and z?
25
Suppose 9*h = 8*h + 2*a + 15, 0 = 5*h + 4*a - 145. Suppose v - 4 = 16. Calculate the highest common factor of v and h.
5
Suppose b - 1 = n, 2*b - 4 - 4 = 5*n. Let m be b/((-1)/4) - 1. Suppose m*o - 227 - 223 = 0. What is the greatest common divisor of o and 60?
30
Suppose 10*u - 11*u = 32. Let j = u - -40. Let x = j + 2. Calculate the greatest common divisor of x and 2.
2
Suppose 6*n - 